
Does 30 divide 992800?
False
Is 80 a factor of 634480?
True
Is 254700 a multiple of 30?
True
Is 348 a factor of 234776?
False
Is 483915 a multiple of 206?
False
Is 355 a factor of 9155521?
False
Is 30 a factor of 307749?
False
Does 7 divide 2418220?
True
Is 15 a factor of 208528?
False
Does 14 divide 1358737?
False
Does 269 divide 177540?
True
Is 4968 a multiple of 23?
True
Does 241 divide 715047?
True
Is 17 a factor of 237966?
True
Does 89 divide 148719?
True
Is 57127 a multiple of 15?
False
Is 6252919 a multiple of 34?
False
Does 25 divide 36675?
True
Does 28 divide 45864?
True
Is 1415861 a multiple of 19?
True
Is 86894 a multiple of 2?
True
Is 22270 a multiple of 131?
True
Does 23 divide 72634?
True
Is 76 a factor of 7355356?
True
Does 135 divide 1858410?
True
Does 659 divide 2322316?
True
Does 310 divide 291042?
False
Is 347164 a multiple of 24?
False
Does 27 divide 26433?
True
Is 204536 a multiple of 8?
True
Does 5 divide 52955?
True
Does 674 divide 3074114?
True
Is 19 a factor of 3069482?
False
Is 33 a factor of 403793?
False
Is 86817 a multiple of 29?
False
Is 4 a factor of 18688?
True
Is 28 a factor of 2597084?
True
Is 229 a factor of 1754827?
True
Is 582 a factor of 21126093?
False
Is 62 a factor of 1545870?
False
Is 223 a factor of 81172?
True
Is 50428 a multiple of 156?
False
Does 588 divide 5446056?
True
Does 34 divide 4272718?
False
Is 6 a factor of 920347?
False
Is 951384 a multiple of 84?
True
Is 498 a factor of 251788?
False
Is 258411 a multiple of 167?
False
Is 14 a factor of 635159?
False
Does 152 divide 3591760?
True
Is 27 a factor of 2090218?
False
Does 45 divide 7101135?
True
Is 37 a factor of 57122?
False
Is 8 a factor of 2587014?
False
Does 517 divide 242353?
False
Does 199 divide 484221?
False
Does 160 divide 628960?
True
Does 21 divide 674573?
False
Is 51 a factor of 557087?
False
Is 3744477 a multiple of 15?
False
Is 174 a factor of 66468?
True
Is 98910 a multiple of 63?
True
Is 374 a factor of 341088?
True
Is 123318 a multiple of 17?
True
Is 72 a factor of 126231?
False
Does 42 divide 323471?
False
Is 11961 a multiple of 169?
False
Is 2820551 a multiple of 26?
False
Does 16 divide 785984?
True
Is 7 a factor of 8596432?
False
Does 17 divide 2216970?
True
Does 163 divide 133171?
True
Does 67 divide 801586?
False
Is 301 a factor of 94213?
True
Does 66 divide 1969734?
False
Is 5 a factor of 418730?
True
Does 70 divide 75740?
True
Does 361 divide 2298238?
False
Is 71337 a multiple of 212?
False
Does 43 divide 923281?
False
Is 1251492 a multiple of 132?
True
Does 5 divide 32505?
True
Is 185 a factor of 434935?
True
Is 267694 a multiple of 19?
False
Does 74 divide 178562?
True
Does 22 divide 97130?
True
Is 3 a factor of 7172?
False
Is 151932 a multiple of 132?
True
Does 465 divide 5080590?
True
Does 6 divide 12378?
True
Is 21888 a multiple of 9?
True
Is 338 a factor of 1550744?
True
Does 6 divide 185136?
True
Does 121 divide 3447703?
False
Is 183320 a multiple of 532?
False
Is 199427 a multiple of 69?
False
Is 30 a factor of 777030?
True
Is 112 a factor of 174608?
True
Is 214 a factor of 734638?
False
Is 1586119 a multiple of 981?
False
Is 159379 a multiple of 6?
False
Does 148 divide 996775?
False
Is 8943 a multiple of 3?
True
Does 16 divide 792240?
True
Is 182 a factor of 90835?
False
Does 10 divide 21033?
False
Is 136122 a multiple of 81?
False
Does 2 divide 878609?
False
Does 26 divide 1235052?
True
Is 251 a factor of 8473777?
False
Is 21 a factor of 247632?
True
Is 46 a factor of 494546?
True
Does 2 divide 1411315?
False
Is 124 a factor of 1272240?
True
Is 100 a factor of 520580?
False
Is 43322 a multiple of 33?
False
Is 21 a factor of 204500?
False
Is 71 a factor of 5547372?
True
Does 27 divide 24462?
True
Does 53 divide 14467?
False
Is 5148099 a multiple of 11?
True
Is 2324097 a multiple of 37?
False
Does 9 divide 179?
False
Does 4 divide 512083?
False
Is 17 a factor of 2571702?
False
Is 11 a factor of 1474407?
True
Is 8 a factor of 3719064?
True
Is 13 a factor of 1603290?
True
Is 33 a factor of 41217?
True
Is 92024 a multiple of 8?
True
Is 731187 a multiple of 59?
True
Does 44 divide 57598?
False
Does 47 divide 7298724?
True
Does 18 divide 64314?
True
Is 410203 a multiple of 45?
False
Does 66 divide 277054?
False
Is 585010 a multiple of 19?
True
Is 2214192 a multiple of 12?
True
Is 31 a factor of 209560?
True
Does 11 divide 6165789?
False
Is 380335 a multiple of 18?
False
Does 34 divide 396219?
False
Is 156 a factor of 2007252?
True
Is 595920 a multiple of 216?
False
Is 848 a factor of 1346313?
False
Is 2185030 a multiple of 10?
True
Does 356 divide 154497?
False
Does 69 divide 8006967?
True
Is 281666 a multiple of 141?
False
Is 133580 a multiple of 212?
False
Is 8 a factor of 26344?
True
Does 10 divide 382130?
True
Does 12 divide 1224404?
False
Is 2261217 a multiple of 237?
True
Is 161936 a multiple of 58?
True
Is 36952 a multiple of 149?
True
Is 377 a factor of 11991616?
True
Is 80550 a multiple of 90?
True
Is 281596 a multiple of 113?
True
Is 10 a factor of 1530020?
True
Is 9 a factor of 291153?
False
Is 904 a factor of 44296?
True
Does 157 divide 424506?
False
Is 470220 a multiple of 12?
True
Does 322 divide 126428?
False
Is 438 a factor of 7107389?
False
Is 78 a factor of 263250?
True
Is 16803 a multiple of 3?
True
Does 37 divide 6801186?
False
Is 454444 a multiple of 164?
True
Does 21 divide 708183?
True
Does 4 divide 2875496?
True
Does 169 divide 1046614?
False
Is 31 a factor of 301692?
True
Is 284032 a multiple of 32?
True
Is 338 a factor of 1129258?
True
Does 21 divide 21840?
True
Is 13 a factor of 101868?
True
Does 1077 divide 12367841?
False
Is 552 a factor of 102714?
False
Does 646 divide 1313137?
False
Is 7 a factor of 609384?
False
Is 297559 a multiple of 17?
False
Does 20 divide 25040?
True
Is 38600437 a multiple of 23?
False
Is 5473 a multiple of 37?
False
Is 15 a factor of 58785?
True
Does 15 divide 255626?
False
Does 212 divide 539254?
False
Does 11 divide 66404?
False
Is 414 a multiple of 25?
False
Is 9 a factor of 225029?
False
Does 9 divide 151327?
False
Is 20274482 a multiple of 19?
True
Is 287 a factor of 264327?
True
Is 19983 a multiple of 6?
False
Does 60 divide 47752?
False
Is 40206 a multiple of 6?
True
Is 166 a factor of 2059474?
False
Does 37 divide 71188?
True
Does 454 divide 286107?
False
Is 1430798 a multiple of 1063?
True
Is 25 a factor of 48500?
True
Is 28665 a multiple of 273?
True
Is 62 a factor of 4025846?
True
Does 255 divide 386070?
True
Does 5 divide 79630?
True
Is 472 a factor of 2592224?
True
Is 168592 a multiple of 81?
False
Is 5875083 a multiple of 32?
False
Does 11 divide 991965?
False
Is 3835539 a multiple of 273?
False
Is 111385 a multiple of 12?
False
Is 170 a factor of 141780?
True
Is 679980 a multiple of 543?
False
Is 339075 a multiple of 33?
True
Is 370142 a multiple of 52?
False
Is 125 a factor of 1226082?
False
Does 12 divide 237767?
False
Is 16 a factor of 11151190?
False
Does 38 divide 21622?
True
Is 121 a factor of 292347?
False
Does 218 divide 335938?
True
Is 3100584 a multiple of 23?
True
Is 160 a factor of 496283?
False
Is 449388 a multiple of 54?
True
Is 1435940 a multiple of 13?
False
Is 989478 a multiple of 42?
True
Does 38 divide 750090?
False
Does 148 divide 38184?
True
Does 2 divide 6265?
False
Is 680126 a multiple of 161?
False
Is 2 a factor of 12374?
True
Does 20 divide 2923323?
False
Is 57637 a multiple of 6?
False
Is 23940644 a multiple of 14?
True
Does 223 divide 644560?
False
Is 21189 a multiple of 383?
False
Is 8 a factor of 2243176?
True
Does 239 divide 293795?
False
Is 254 a factor of 136906?
True
Does 7 divide 2400545?
True
Is 38186 a multiple of 122?
True
Is 3032210 a multiple of 254?
False
Does 581 divide 189406?
True
Is 13 a factor of 461668?
False
Does 48 divide 1724822?
False
Is 40866 a multiple of 26?
False
Is 20172 a multiple of 41?
True
Is 6834 a multiple of 3?
True
Does 46 divide 72243?
False
Is 60 a factor of 140682?
False
Is 1896120 a multiple of 30?
True
Does 58 divide 166591?
False
Is 276074 a multiple of 223?
True
Is 103 a factor of 302179?
False
Is 299 a factor of 1905527?
True
Does 197 divide 757444?
False
Does 78 divide 5160?
False
Is 188 a factor of 147925?
False
Does 847 divide 2862982?
False
Is 10071555 a multiple of